= 588. What is the remainder when f is divided by h?
13
Let x be (8/14 + 0)/((-4)/(-14)). Suppose -m + x*u + 25 = 0, -5*u = -3*m + 53 + 22. Let q = 99 - 25. Calculate the remainder when q is divided by m.
24
Let k = -126 + 67. Let j = k - -72. Suppose 3*l = -3, 5*l + 4 = -n + j. What is the remainder when n is divided by 8?
6
Suppose -110*h - 205033 = -332*h + 38279. What is the remainder when h is divided by 50?
46
Let b = 2 + 5. Suppose -12*w - 3*c = -7*w - 129, 3*c = 9. Let s = w + b. What is the remainder when 154 is divided by s?
30
Let a(o) = -o**2 - 23*o + 42. Let g(j) = j. Let t(q) = a(q) + 2*g(q). What is the remainder when t(-8) is divided by 21?
20
Let q(j) = -3*j + 19. Let f(t) = -t**2 + 3*t + 2. Let h be f(4). Calculate the remainder when 53 is divided by q(h).
3
Calculate the remainder when 859 is divided by (2 - 0)*(-52 + 68).
27
Suppose 4*m = 12*m + 1028 - 1700. Let o(l) = -l**3 + 7*l**2 - 5*l + 2. What is the remainder when m is divided by o(4)?
24
Suppose 2*p = 2*b - 18, 3*b + 2 = -2*p - 21. What is the remainder when 30*((-105)/p - 6) is divided by 14?
9
Let s = 10 - -122. What is the remainder when 344 is divided by s?
80
Let o be 12/(-28) + (-450)/(-21). Let i(s) = s**2 - 16*s - 42. What is the remainder when i(o) is divided by 12?
3
Suppose -w + 243 = -u, 4*w + 2*u = 2*w + 474. Suppose -5*s - 123 = -4*j, -3*s - 65 = -11*j + 9*j. Calculate the remainder when w is divided by j.
20
Let u = -219 + 800. Suppose -5*s - 5*g + 125 + 195 = 0, -4*s + 261 = -g. Calculate the remainder when u is divided by s.
61
Let w = 1364 + -252. Suppose -47*z = -39*z - w. Calculate the remainder when z is divided by 43.
10
Let q(z) = z + 152. Let a(x) be the first derivative of x**3/3 + 11*x**2/2 + 5*x + 74. What is the remainder when q(0) is divided by a(-13)?
28
Suppose -4*i - i + 44 = 2*l, -l = -3*i - 44. Let s = 3256 + -3181. Calculate the remainder when s is divided by l.
11
Let k(t) be the third derivative of -t**5/10 - 25*t**4/8 - 5*t**3/3 + 66*t**2 + 2*t. Calculate the remainder when k(-4) is divided by 99.
95
Suppose -8743 + 6307 = -237*y + 8940. Calculate the remainder when 833 is divided by y.
17
Let l = 49 + -23. Let o = 40 - l. Let v(k) = 17*k**2 - 785*k + 175. Calculate the remainder when v(46) is divided by o.
9
Suppose 5*y + 0*y = -3*j + 60, -2*j + 45 = 5*y. Let s = -1294 + 1334. What is the remainder when s is divided by j?
10
Suppose 3300*s + a = 3304*s - 466, 5*s - 608 = -3*a. Let b(o) = -14*o**3 + o + 1. What is the remainder when s is divided by b(-1)?
6
Let c(u) = -9*u - 16*u - 15*u. What is the remainder when c(-1) is divided by 44/(-154) - (-200)/14?
12
Suppose 7*g + 2*g = 486. Suppose -6*m + 7*m - 19 = 0. Suppose 5*w - 57 = 2*u + m, 5*u + 15 = 0. What is the remainder when g is divided by w?
12
Let z(x) = 119*x**2 - 20*x - 15. What is the remainder when 2354 is divided by z(-1)?
122
Let h(n) = -n**2 - 2*n - 4. Let x be h(-2). Let b(p) = 3*p**2 + 2*p + 1. Calculate the remainder when b(-4) is divided by ((-13)/((-78)/(-4)))/(x/90).
11
Let x = 0 - 3. What is the remainder when 5/2*(-714)/(-85) is divided by (x/(-6))/((-2)/(-32))?
5
Suppose 6008 = 36*x - 544. What is the remainder when x is divided by ((-60)/25)/(8/(-20))?
2
Suppose -5*a - 3 = -b, 4*a + 23 = -5*b + 96. What is the remainder when 8700/175 - 46/(-161) is divided by b?
11
Let n = -3 - -7. Suppose 4*x + n = -0, -4*x + 26 = 5*k. What is the remainder when 18/(-4) - (111254/(-132))/13 - 8/6 is divided by k?
5
Let p(d) = 78 - 296*d + 141*d + 145*d. What is the remainder when p(-6) is divided by 35?
33
Let k be 4/14 + 117/7 - 0. Suppose 0 = j + k - 26. Calculate the remainder when 33 is divided by j.
6
Let q(a) = -6*a + 56. Let i be q(9). What is the remainder when ((-65)/5 - -2)/(i - 3) is divided by 8?
3
Let j(b) = -6*b + 10 - b + 10 - 20*b. Calculate the remainder when j(-7) is divided by 14.
13
Let u be (2/14)/((-13)/(-1547)). Suppose -u - 79 = -3*v. What is the remainder when 152 is divided by v?
24
Suppose 0 = 2*w + 145*b - 149*b - 1512, -5*w + 3773 = -3*b. What is the remainder when 1512 is divided by w?
4
Let j = -533 - -559. What is the remainder when 137 is divided by j?
7
Suppose -15*g - 3*g + 90 = 0. Suppose -v - g*n = -27, 3*n = -n - 8. Calculate the remainder when 121 is divided by v.
10
Suppose 4*u + 0 = -2*l - 2, -u = -2*l + 13. Let h = -23 + 38. Calculate the remainder when h is divided by l + -1 + -1 + 0.
0
Let b(k) be the first derivative of 3*k**3 + 13*k**2/2 + 13*k + 35. Calculate the remainder when 89 is divided by b(-2).
20
Let t = -729 - -885. Calculate the remainder when 2648 is divided by t.
152
Let i be 1*(-8 - -4) - 241. Let d = i + 280. Calculate the remainder when d is divided by 19.
16
Suppose -4*l = -y - 27, -5*y - 7 = -5*l + 8. Calculate the remainder when (-24*l/60)/(2/(-20)) is divided by 10.
2
Let v(m) = 6839*m - 34182. Suppose 3*n - 2*j + 54 = 125, -5*n + 133 = 4*j. What is the remainder when n is divided by v(5)?
12
Let m = -1379 - -1454. Let l(r) = -r**2 + 11*r - 22. What is the remainder when m is divided by l(6)?
3
Let k be -12*10/(-25)*(-35)/3. Let z = 48 + k. What is the remainder when 28 is divided by (z/(-2) - -2) + 0?
4
Let q = -8372 - -8513. What is the remainder when 524 is divided by q?
101
Let o = 169 + -121. Suppose -39*u + 423 = -36*u. Calculate the remainder when u is divided by o.
45
Suppose -244*b + 50*b + 2033 = -1459. Calculate the remainder when 1273 is divided by b.
13
Let n be (-46)/(-14) + 20/(-70). Suppose 4*h + n*k - 246 = k, -57 = -h + k. Let p = 262 + -246. Calculate the remainder when h is divided by p.
12
Suppose -34 = 3*b + 8. Let c = b + 16. Suppose c*t + 5*t - 21 = 0. What is the remainder when 8 is divided by t?
2
Let f(b) = b**3 + 6*b**2 - 2*b - 4. Let g be f(-6). Suppose -g*y = -17*y + 90. What is the remainder when (12/y)/((-36)/(-1560)) is divided by 11?
8
Let i = -421 + 399. Let g = 285 - i. What is the remainder when g is divided by 24?
19
Suppose -6*u + 8*u + q = 131, -u + q = -64. Let j = u - 63. Suppose 0 = j*i - 290 + 180. Calculate the remainder when i is divided by 22.
11
Let k be 1 + -6 + 21 + -28. Let d(r) = -r**3 - 6*r**2 + 70*r + 2. What is the remainder when 179 is divided by d(k)?
23
Let r(j) = -j**2 + 208*j - 8767. What is the remainder when r(77) is divided by 431?
27
Let r = -6252 + 6548. What is the remainder when r is divided by 146?
4
Suppose 52*f - 7391 = 16163 + 262. What is the remainder when f is divided by 3?
2
Let q(v) = -2*v**3 - 15*v**2 + 8*v + 15. What is the remainder when 761 is divided by q(-9)?
17
Let n(b) = 2*b**3 + 252*b**2 - 255*b - 112. Calculate the remainder when 209 is divided by n(-127).
14
Let c = 20 - 16. Suppose c*d + 102 = 142. Calculate the remainder when 15/d*2/(-3) - -14 is divided by 4.
1
Suppose -3*n = x - 204, -17*n = -15*n + 10. Calculate the remainder when 1306 is divided by x.
211
Calculate the remainder when 193 is divided by (-217)/(-2)*(-756)/(-1323).
7
Suppose 2*k - 167 - 29 = 0. Let q(x) be the second derivative of x**5/20 - 2*x**4/3 + 14*x**2 + 19*x. Calculate the remainder when k is divided by q(8).
14
Let o be -2 + ((-16)/4 - 0). What is the remainder when (-92 - -1)/(6/252*o) is divided by 8?
5
Suppose -2*d + 167 = -3*v, -4*d + 144*v = 149*v - 191. Let q(o) = -o**3 + 5*o**2 + 7*o + 7. Calculate the remainder when d is divided by q(6).
12
Suppose -109*j = -104*j + 2*x - 111, -4*j - 4*x = -108. Calculate the remainder when 500 is divided by j.
6
Suppose -65*o + 48*o + 43*o = 277784. What is the remainder when o is divided by 167?
163
Let m(p) = p**2 + 7*p - 2. Let r be m(-5). Let j be (35/11 - 2/11) + r. Let k(i) = -2*i**2 - 20*i. Calculate the remainder when k(j) is divided by 5.
3
Suppose 3*g - 68 = 4*f, 519*g - 4*f + 156 = 523*g. Calculate the remainder when 73 is divided by g.
9
Suppose 36 = -377*j + 389*j. Calculate the remainder when 25 is divided by j.
1
Suppose 41*n = -33*n + 39*n + 875. Suppose 0 = -4*o + 505 + 71. What is the remainder when o is divided by n?
19
Let h be (5 - 33/3)/(21/(-371)). Suppose 0*v = 2*v - 26. Suppose -v*z = h - 860. What is the remainder when z is divided by 20?
18
Let q(h) = 30*h**3 - 2*h**2 + 7*h - 5. Let x be q(1). Suppose 3*o - 90 + x = 0. Calculate the remainder when 36 is divided by o.
